-12.
-8
What is the value of 101 - 109 - (-6 - (0 - (6 - 3)))?
-5
Calculate 5 - (-12 + 15 + -3 - (5 + 1)).
11
What is the value of 1 + (-5 - (1 + -2)) + (208 - 204)?
1
What is 18 - 28 - 16 - -11?
-15
What is -5 + (1 + 8 + 0 - 7)?
-3
Evaluate (-8 + -2 - (5 + -12)) + (9 - 0).
6
What is (20 - -11) + 1 - 34?
-2
What is 6 - 9 - (10 - 15)?
2
Evaluate -3 - (14 + 18 - (5 + 6)).
-24
8 - (-3 - -12) - (-3 - (8 + -3))
7
Calculate (-29 - (-6 + -17)) + 4.
-2
What is the value of -1 + -8 + -6 - ((-1 - -3) + -4)?
-13
(-65 - (12 - 69)) + 0 + -8 + 0
-16
Calculate 5 + (-12 - -9 - (-3 - (6 - 3))).
8
(-2 - -41) + -148 + 127
18
Evaluate 3 + -1 - (-14 + 2 + 7 + 14).
-7
What is 23 - (-17 - (2 + -1 - 24))?
17
What is 4 + 2 + 9 + 0 + -6 + -6?
3
What is the value of (6 - 5 - 5) + 43 + -44?
-5
-3 + 0 - (-2 - -8) - (-693 + 683)
1
Calculate -5 + -8 + -1 + 8 + (-15 - -28).
7
-6 + 12 - 11 - (-4 - -3)
-4
What is the value of 109 + -110 - (2 - 3 - 0)?
0
Evaluate 4 - ((14 - 6) + 2) - -9.
3
Evaluate 6 + 1 + (-148 - -138).
-3
What is -8 + -1 - (6 - (1 - -6))?
-8
Evaluate -33 + 14 + -18 + -2 + 13 + 1.
-25
What is -26 - (8 + -26 + 7 + 4)?
-19
What is -16 + 26 - ((1 - 3) + 1) - -5?
16
What is (-7 - (13 + 6 + -18 + 9)) + -5?
-22
Calculate (18 - (-33 - -60)) + -4.
-13
What is 22 - 14 - (0 + -4) - 6?
6
6 + 43 + -24 + -17
8
Calculate (2 - (3 + -7 + 9 + -10)) + 9.
16
Evaluate (6 - (-2 - -3)) + (-16 - 2) - 8.
-21
Calculate (3 - 6) + 11 + 7 + -3 + 0.
12
What is 14 - (-1 + (40 - 39 - (0 - 1)))?
13
What is the value of -13 - (-20 + 12 - -20)?
-25
Evaluate (-14 - -12) + (0 - (0 - 9)) - -1.
8
Calculate 11 - 2 - -9 - 10 - (0 - 4).
12
Calculate 1 + 3 - (-32 - -38).
-2
What is the value of (-64 - -40) + -2 + 6 + -6 + -5?
-31
(4 - 10 - 11) + 0 + 4
-13
Calculate 25 - (-2 + -4 - -13) - (-3 + 9).
12
What is the value of 8 + -29 + 11 - -17?
7
Evaluate -11 + (-38 - -37) + 40.
28
Evaluate -16 + -9 + (-24 - -10 - -17).
-22
Calculate -20 - (-9 + -12) - (2 - 3).
2
Calculate 5 + -3 + -5 + 24 + 4 + -1.
24
What is -5 + -11 + 4 + 5 - -12?
5
What is (-39 - (8 - 41)) + -23?
-29
What is the value of -6 - (2 - -4 - 6 - -1)?
-7
Evaluate 133 + -147 + 7 + -2.
-9
Evaluate -1 - (1 - -17) - (-1 + 2 + -5).
-15
What is the value of (-2 + 4 - 4) + -63 + -20 + 62?
-23
Calculate (7 - 17) + (-8 - -23 - 0).
5
Calculate (-12 - 2) + -1 - (25 - 12).
-28
-14 + (0 - -16) - -9
11
What is the value of (-1 - (-5 + 2 + -4)) + -30?
-24
What is the value of -39 + 10 + 8 - -5?
-16
What is the value of (12 - (11 + 6) - (-1 - 3)) + 10?
9
(0 - -5 - 4) + 1 + -10 + -3
-11
What is the value of (-13 + 8 - 4) + (-3 - 5)?
-17
Calculate 30 + (23 + -31 - 19) + (25 - -1).
29
Calculate -1 + -6 + 15 + -23.
-15
What is the value of 6 - -3 - (47 - 42) - (21 + 0)?
-17
Evaluate -43 + 0 - (-10 + 7 + -14).
-26
What is the value of -6 - (-11 + (-1 - -14))?
-8
Evaluate -4 + 14 - 9 - -12.
13
Evaluate 1 - (-1 + 3) - ((-26 - -20) + -9).
14
-7 - (2 - (-9 + 6 - -17))
5
24 - (-1 - (-9 - (-15 - -11)))
20
-8 - (-27 + 13 + 11)
-5
What is (-12 - -2) + 25 - 11 - (27 - 2)?
-21
What is 7 + (9 - 6) - -12?
22
What is the value of 1139 + -1140 + (-3 - -1) + -1 + -12?
-16
Calculate (4 - 0 - 15) + (-21 - (9 + -26)).
-15
4 + -5 + -7 + 12 + 16
20
What is (-448 - -439) + (4 + -5 - (-29 + 1))?
18
What is -4 + -2 - (-13 + (9 - 13))?
11
What is the value of -68 + 74 + (-17 + -1 - 1)?
-13
What is -3 - -1 - (23 + -16)?
-9
-4 - ((-18 - -31 - 7) + (-2 - 0))
-8
What is -1 + 19 + (6 - (-13 - -18))?
19
-16 + -11 - -18 - (-19 + 1)
9
What is -2 - 6 - (-373 + 353)?
12
What is the value of 77 + -40 + -29 + 1 + (3 - 47)?
-35
What is the value of (299 - 270) + (5 - 9)?
25
(-18 - (-17 + 21)) + 0 + (0 - 0)
-22
What is 2 - ((-16 - -5) + 5 - (1 + -5))?
4
Calculate -4 - (4 + 0 + -7 + 7 - 14).
6
Evaluate (60 - (49 - 27)) + -7 + -1 + 1.
31
Evaluate -1 - 10 - (-153 + 155).
-13
Calculate -10 + 128 + -133 + 0 + 16.
1
(170 - 179) + (32 - 0)
23
Evaluate (4 - (-14 - 0 - (25 + -32))) + 2.
13
Evaluate -10 - (-18 - -32 - 13).
-11
Evaluate 10 + -1 + 383 + -390 + (1 - 3).
0
What is the value of -2 - -16 - (-55 + 59)?
10
What is 1 + -8 - (-39 - -38) - (3 - 8)?
-1
Evaluate 29 - (-30 + 66) - (-4 - (4 + -1)).
0
What is -1 + 13 + -4 + (-4 - -14)?
18
Evaluate -7 - (3 - -4 - (-21 - -37)).
2
1 + -10 + 6 - (7 + -7)
-3
-9 + (0 - 0) - (-2 - -6)
-13
What is the value of (-19 - 6) + 19 - (-1 - 25)?
20
4 + (15 - (12 - -7))
0
What is the value of 12 + 26 + -14 + -5 - 5?
14
What is 8 + (7 + -23 - 0)?
-8
Calculate 1 + (19 - (-9 - -12)) + 3.
20
48 - 16 - 6 - 59
-33
-14 + 8 + 4 + (-6 - -3) + -3
-8
Calculate (-1 - -34) + -43 - (-12 + 0 - -1).
1
What is the value of 14 + 29 - (-4 - -52)?
-5
0 + -3 + 16 - (8 + -3 + 2)
6
Calculate (17 - 20) + 8 - (1 - -4).
0
11 + 2 + -3 - -3 - (-1 - 0)
14
What is -8 + -2 + (12 - 14) + 1 + -2?
-13
Calculate (-17 - 8) + -4 + 16.
-13
What is (-31 - -58) + (0 - (17 - 6)) + 4?
20
Evaluate 18 + (-17 - 5) + 7 + 2 + -3.
2
What is the value of -21 + 6 + (30 - 17)?
-2
What is -2 + 11 + -7 + -1 + 1?
2
Calculate 10 + (-10 - 8) - -2.
-6
Calculate (-4 - 2) + -3 + 9.
0
What is 5 + 5 - 2 - 20?
-12
What is 12 - (-8 - (8 + -4 - (27 + -11)))?
8
Evaluate 21 + -16 - (0 - 5) - -3.
13
Calculate (2 - -31) + (-672 - -664).
25
Calculate -1 + (1 - ((8 - 2) + -4)).
-2
23 + -3 + -62 + (-4 - -21)
-25
Evaluate (5 - 10) + 37 + -36 + 24.
20
Calculate 10 + -55 + 31 + (7 - -2).
-5
Calculate 100 - 71 - (10 - -2).
17
Calculate 18 + 17 - 34 - 26.
-25
What is the value of -4 + -3 + 4 - 3 - (-51 - -25)?
20
2 + -29 - (702 + -757)
28
What is (10 - (20 + -14 - (-2 - -2))) + 6?
10
Evaluate -13 + 36 + -16 + -8.
-1
Evaluate (-15 - -3 - -15 - -18) + -7.
14
Calculate -2 + (0 - -14) - 12.
0
What is the value of -8 - ((-1 - -11) + -7)?
-11
Evaluate -6 + -69 + 20 + 33.
-22
Evaluate 4 + (-6 - (1 - 5)) + 4 + -8.
-2
What is -46 + 44 - (-25 - -15)?
8
What is -28 - (-3 + -25) - (14 + 2)?
-16
Evaluate (-10 + 9 - 3) + 4.
0
What is the value of 5 + 1 + (3 + 7 - 4 - 0)?
12
What is -9 + 0 + (54 - 12) + -42 + 33?
24
Evaluate (-5 - (7 + -4)) + 8 + 10.
10
What is the value of (-5 - (-9 + 3)) + (13 - 8) - -22?
28
Evaluate (5 + -22 - (-3 + 1)) + (3 - 4).
-16
What is 5 + 10 + -5 + -18 - -16?
8
What is the value of -7 + 26 - (163 - 180)?
36
What is the value of 58 + -55 - (38 + 1) - (-7 - 1)?
-28
What is 13 + -2 + -11 - -7?
7
What is ((-2 - -7) + 2 - -2) + -7 - -9?
11
Calculate 2 - ((4 - -11) + -13).
0
What is (-6 - -2 - (-35 - -30)) + -9?
-8
What is (-12 - -9) + 21 + -14?
4
-7 + 2 + (25 - (-9 - -15))
14
8 + -32 + 20 + 2 + -3
-5
Calculate 5 + (8 - (13 + -8 + 2)).
6
Calculate 3 - (7 + -18 - (18 - (9 - 1))).
24
Calculate (-405 - -405) + -2 + -2 + 0 + -2.
-6
-35 - (-25 - -27 - 38)
1
7 + (-17 - -9 - (7 - (-9 + 18)))
1
Evaluate 3 + 9 + 10 + (3 - 6).
19
What is 8 + 24 + -14 + -25?
-7
Calculate -37 - -40 - (-2 - -10) - -4.
-1
13 + -25 + 18 + 0 + -6
0
What is -19 + 4 + 4 + (18 - 17)?
-10
Evaluate 21 + -10 + 27 + -13 + (-2 - 1).
22
(-1 + -16 - -43) + 3 + 3 - 6
26
Evaluate -3 + (-1 - -10) - (-1 - -14).
-7
What is -46 - (37 + (1 - 45))?
-39
What is -5 - (-2 + -6) - (7 + (20 - 10))?
-14
(-21 - 0) + 37 + -26
-10
Evaluate -6 + 4 + -2 - (-1821 + 1825).
-8
What is the value of 9 + 14 + -15 + (-14 - -4) + -15?
-17
Calculate 26 + -9 + 7 + -11 - -5.
18
160 + -152 + -22 + -1
-15
Calculate (-52 + 57 - (7 - 0)) + 13.
11
Calculate -17 - (1 + 3 - (42 - 27)).
-6
What is the value of -32 + 5 + 12 + -20 + 8?
-27
Evaluate -5 + 7 + 0 + (-4 - 20 - -32).
10
Calculate (9 + -15 - 9) + (14 - 19).
-20
Calculate 41 - (27 + -32 + 13 - (0 - 3)).
30
What is 9 + (-23 - (-9 + 4)) + 9?
0
What is the value of (-7 - -15) + 4 + 16 - 6?
22
Evaluate 7 + (6 + 3 - 13) + 3.
6
Evaluate 30 - (-8 + 19 - (11 + -1)).
29
Evaluate -10 + 18 + (-23 - -27).
12
What is 3 - 0 - (-2 - -20 - (88 - 83))?
-10
What is the value of (8 - -1) + (-149 - -131)?
-9
What is -5 - ((-2 - 0) + -17)?
14
1 + (-23 - -19) + 0 + 11 + 5
13
(-5 - 8 - -32) + -22
-3
Evaluate 13 - (0 + 17 - 26).
22
Calculate (7 - 1) + -39 + 47.
14
What is the value of -13 + -1 - (14 + (15 - 14) + -12)?
-17
What is (-44 - (-12 + 0 + 2)) + 9?
-25
What is 16 - 15 - ((3 - 5) + -5)?
8
Calculate -7 - (-6 + 0 - (1 - -10)).
10
Evaluate (-12 - 44) + 6 - -36.
-14
What is -15 - -3 - ((47 - 31) + -25)?
-3
What is 0 + -13 + -1 - -5?
-9
(1 - -12 - (-40 - -48)) + 0
5
-29 + -5 + 3 +